9, 433
What are the prime factors of 740?
2, 5, 37
List the prime factors of 28477.
28477
What are the prime factors of 752?
2, 47
What are the prime factors of 1613?
1613
What are the prime factors of 2501?
41, 61
List the prime factors of 3397.
43, 79
List the prime factors of 5171.
5171
What are the prime factors of 1166?
2, 11, 53
List the prime factors of 72077.
72077
List the prime factors of 16.
2
List the prime factors of 10435.
5, 2087
What are the prime factors of 24064?
2, 47
What are the prime factors of 49157?
49157
What are the prime factors of 19853?
19853
What are the prime factors of 1178?
2, 19, 31
What are the prime factors of 63168?
2, 3, 7, 47
List the prime factors of 4112.
2, 257
What are the prime factors of 801?
3, 89
List the prime factors of 10284.
2, 3, 857
What are the prime factors of 36789?
3, 12263
What are the prime factors of 55270?
2, 5, 5527
What are the prime factors of 1306?
2, 653
What are the prime factors of 222?
2, 3, 37
What are the prime factors of 204313?
173, 1181
List the prime factors of 24775.
5, 991
What are the prime factors of 9119?
11, 829
List the prime factors of 542.
2, 271
What are the prime factors of 11600?
2, 5, 29
List the prime factors of 1444.
2, 19
What are the prime factors of 79119?
3, 59, 149
List the prime factors of 5856.
2, 3, 61
What are the prime factors of 118451?
31, 3821
List the prime factors of 50554.
2, 7, 23, 157
What are the prime factors of 132322?
2, 66161
What are the prime factors of 2843?
2843
What are the prime factors of 14217?
3, 7, 677
What are the prime factors of 67498?
2, 33749
What are the prime factors of 40164?
2, 3, 3347
What are the prime factors of 62542?
2, 31271
List the prime factors of 1441.
11, 131
List the prime factors of 13059.
3, 1451
List the prime factors of 20003.
83, 241
List the prime factors of 80.
2, 5
List the prime factors of 4426.
2, 2213
What are the prime factors of 1057?
7, 151
List the prime factors of 88573.
23, 3851
List the prime factors of 32260.
2, 5, 1613
List the prime factors of 5439.
3, 7, 37
List the prime factors of 282.
2, 3, 47
List the prime factors of 141192.
2, 3, 37, 53
List the prime factors of 899.
29, 31
What are the prime factors of 2510?
2, 5, 251
What are the prime factors of 3079?
3079
What are the prime factors of 6616?
2, 827
List the prime factors of 131693.
79, 1667
What are the prime factors of 2488?
2, 311
What are the prime factors of 748?
2, 11, 17
What are the prime factors of 48736?
2, 1523
List the prime factors of 76.
2, 19
List the prime factors of 36653.
36653
List the prime factors of 13790.
2, 5, 7, 197
What are the prime factors of 626?
2, 313
What are the prime factors of 85177?
19, 4483
List the prime factors of 777.
3, 7, 37
List the prime factors of 72943.
13, 31, 181
List the prime factors of 95685.
3, 5, 6379
List the prime factors of 48530.
2, 5, 23, 211
List the prime factors of 351.
3, 13
What are the prime factors of 4657?
4657
List the prime factors of 134727.
3, 44909
List the prime factors of 95301.
3, 10589
List the prime factors of 505.
5, 101
What are the prime factors of 17467?
17467
What are the prime factors of 1220?
2, 5, 61
List the prime factors of 5928.
2, 3, 13, 19
What are the prime factors of 1023?
3, 11, 31
What are the prime factors of 757?
757
List the prime factors of 86687.
23, 3769
What are the prime factors of 8482?
2, 4241
What are the prime factors of 3034?
2, 37, 41
What are the prime factors of 7073?
11, 643
List the prime factors of 4439.
23, 193
List the prime factors of 18422.
2, 61, 151
What are the prime factors of 2334?
2, 3, 389
What are the prime factors of 6820?
2, 5, 11, 31
What are the prime factors of 5323?
5323
List the prime factors of 9559.
11, 79
List the prime factors of 1454.
2, 727
List the prime factors of 1368.
2, 3, 19
List the prime factors of 72989.
7, 10427
List the prime factors of 8217.
3, 11, 83
List the prime factors of 49757.
49757
What are the prime factors of 34604?
2, 41, 211
What are the prime factors of 475?
5, 19
What are the prime factors of 31980?
2, 3, 5, 13, 41
What are the prime factors of 2228?
2, 557
What are the prime factors of 2075?
5, 83
What are the prime factors of 8680?
2, 5, 7, 31
List the prime factors of 60340.
2, 5, 7, 431
What are the prime factors of 1210?
2, 5, 11
What are the prime factors of 32591?
13, 23, 109
What are the prime factors of 1317?
3, 439
What are the prime factors of 388?
2, 97
List the prime factors of 677.
677
List the prime factors of 1741.
1741
List the prime factors of 2913.
3, 971
List the prime factors of 151.
151
What are the prime factors of 141638?
2, 7, 67, 151
What are the prime factors of 1382?
2, 691
List the prime factors of 3738.
2, 3, 7, 89
List the prime factors of 1409.
1409
List the prime factors of 4969.
4969
List the prime factors of 16348.
2, 61, 67
What are the prime factors of 13180?
2, 5, 659
List the prime factors of 908.
2, 227
What are the prime factors of 1274?
2, 7, 13
What are the prime factors of 433?
433
List the prime factors of 6547.
6547
List the prime factors of 7846.
2, 3923
What are the prime factors of 42253?
29, 31, 47
What are the prime factors of 3698?
2, 43
What are the prime factors of 57083?
13, 4391
List the prime factors of 3973.
29, 137
What are the prime factors of 17815?
5, 7, 509
List the prime factors of 778.
2, 389
What are the prime factors of 1626?
2, 3, 271
List the prime factors of 6258.
2, 3, 7, 149
What are the prime factors of 236?
2, 59
List the prime factors of 154560.
2, 3, 5, 7, 23
List the prime factors of 1294.
2, 647
List the prime factors of 1261.
13, 97
What are the prime factors of 8962?
2, 4481
What are the prime factors of 3720?
2, 3, 5, 31
What are the prime factors of 56973?
3, 7, 2713
List the prime factors of 30644.
2, 47, 163
What are the prime factors of 1416?
2, 3, 59
What are the prime factors of 93500?
2, 5, 11, 17
What are the prime factors of 4684?
2, 1171
What are the prime factors of 1485?
3, 5, 11
List the prime factors of 1035.
3, 5, 23
List the prime factors of 61418.
2, 7, 41, 107
What are the prime factors of 3271?
3271
List the prime factors of 13986.
2, 3, 7, 37
What are the prime factors of 9390?
2, 3, 5, 313
What are the prime factors of 13562?
2, 6781
What are the prime factors of 905?
5, 181
What are the prime factors of 180?
2, 3, 5
List the prime factors of 117.
3, 13
List the prime factors of 14851.
14851
What are the prime factors of 3990?
2, 3, 5, 7, 19
What are the prime factors of 8759?
19, 461
What are the prime factors of 15229?
97, 157
List the prime factors of 60398.
2, 13, 23, 101
What are the prime factors of 1256?
2, 157
List the prime factors of 40419.
3, 499
List the prime factors of 8069.
8069
List the prime factors of 27564.
2, 3, 2297
What are the prime factors of 5618?
2, 53
What are the prime factors of 41934?
2, 3, 29, 241
What are the prime factors of 30796?
2, 7699
What are the prime factors of 97719?
3, 32573
List the prime factors of 8569.
11, 19, 41
List the prime factors of 86779.
7, 11, 23
List the prime factors of 17054.
2, 8527
List the prime factors of 899.
29, 31
What are the prime factors of 484?
2, 11
What are the prime factors of 744?
2, 3, 31
List the prime factors of 4221.
3, 7, 67
List the prime factors of 265.
5, 53
What are the prime factors of 30626?
2, 15313
List the prime factors of 12169.
43, 283
List the prime factors of 14189.
7, 2027
List the prime factors of 10637.
11, 967
List the prime factors of 31545.
3, 5, 701
List the prime factors of 2078.
2, 1039
What are the prime factors of 2117?
29, 73
What are the prime factors of 7467?
3, 19, 131
What are the prime factors of 16977?
3, 5659
List the prime factors of 7152.
2, 3, 149
List the prime factors of 1182.
2, 3, 197
What are the prime factors of 930?
2, 3, 5, 31
What are the prime factors of 706?
2, 353
What are the prime factors of 16727?
43, 389
List the prime factors of 76007.
17, 263
What are the prime factors of 267?
3, 89
What are the prime factors of 1226?
2, 613
What are the prime factors of 11318?
2, 5659
What are the prime factors of 1217?
1217
What are the prime factors of 342?
2, 3, 19
List the prime factors of 2529.
3, 281
List the prime factors of 203.
7, 29
L